{"id":174,"date":"2019-09-11T08:33:20","date_gmt":"2019-09-11T06:33:20","guid":{"rendered":"https:\/\/www.poesie-italiane.de\/?page_id=174"},"modified":"2022-09-29T08:42:47","modified_gmt":"2022-09-29T06:42:47","slug":"de-sara-y-de-ronja","status":"publish","type":"page","link":"https:\/\/www.poesie-italiane.de\/es\/gedichte\/de-sara-y-de-ronja\/","title":{"rendered":"De Sara y de Ronja"},"content":{"rendered":"[vc_row sidebar_id=\u00bbsidebar-15&#8243; el_id=\u00bbsprachen\u00bb title=\u00bb\u00bb][vc_column][vc_widget_sidebar sidebar_id=\u00bbsidebar-15&#8243; el_id=\u00bbsprachen\u00bb][\/vc_column][\/vc_row][vc_row css=\u00bb.vc_custom_1570198007929{padding-top: 30px !important;}\u00bb][vc_column width=\u00bb1\/2&#8243;][vc_single_image image=\u00bb1000&#8243; img_size=\u00bb252&#215;390&#8243; alignment=\u00bbcenter\u00bb style=\u00bbvc_box_shadow\u00bb onclick=\u00bbcustom_link\u00bb img_link_target=\u00bb_blank\u00bb link=\u00bbhttps:\/\/www.amazon.de\/gp\/product\/3947989164\/\u00bb][mk_button dimension=\u00bbtwo\u00bb size=\u00bbmedium\u00bb icon=\u00bbmk-jupiter-icon-simple-amazon\u00bb url=\u00bbhttps:\/\/www.amazon.de\/gp\/product\/3947989164\/\u00bb target=\u00bb_blank\u00bb nofollow=\u00bbtrue\u00bb align=\u00bbcenter\u00bb bg_color=\u00bb#efbc3b\u00bb]Bei Amazon kaufen[\/mk_button][\/vc_column][vc_column width=\u00bb1\/2&#8243;][vc_column_text css=\u00bb.vc_custom_1568183594664{margin-bottom: 0px !important;}\u00bb]\n<h3>Un miau<\/h3>\n<p>Yo tuve mis principios,<br \/>\nno quer\u00eda<br \/>\nning\u00fan gato en casa,<br \/>\npero un miau silencioso<br \/>\ncambi\u00f3 mi mundo.<br \/>\nSent\u00ed un amor desconocido,<br \/>\nsin ninguna<br \/>\nresistencia disponible,<br \/>\nmi coraz\u00f3n solo dijo:<br \/>\n\u2018bienvenido\u2019.<br \/>\nY recib\u00ed el don<br \/>\nm\u00e1s precioso:<br \/>\nsus amistades.<\/p>\n<h3>El ronroneo<\/h3>\n<p>Sara,<br \/>\nme has ense\u00f1ado<br \/>\na pensar<br \/>\ncon el coraz\u00f3n,<br \/>\na confiar<br \/>\nen la intuici\u00f3n.<br \/>\nNunca olvidar\u00e9<br \/>\nque siempre,<br \/>\nque pensaba<br \/>\ndemasiado en una cosa,<br \/>\nte echabas<br \/>\nsobre uno de mis libros<br \/>\na ronronear.[\/vc_column_text][\/vc_column][\/vc_row]\n","protected":false},"excerpt":{"rendered":"<p>[vc_row sidebar_id=\u00bbsidebar-15&#8243; el_id=\u00bbsprachen\u00bb title=\u00bb\u00bb][vc_column][vc_widget_sidebar sidebar_id=\u00bbsidebar-15&#8243; el_id=\u00bbsprachen\u00bb][\/vc_column][\/vc_row][vc_row css=\u00bb.vc_custom_1570198007929{padding-top: 30px !important;}\u00bb][vc_column width=\u00bb1\/2&#8243;][vc_single_image image=\u00bb1000&#8243; img_size=\u00bb252&#215;390&#8243; alignment=\u00bbcenter\u00bb style=\u00bbvc_box_shadow\u00bb onclick=\u00bbcustom_link\u00bb img_link_target=\u00bb_blank\u00bb link=\u00bbhttps:\/\/www.amazon.de\/gp\/product\/3947989164\/\u00bb][mk_button dimension=\u00bbtwo\u00bb size=\u00bbmedium\u00bb icon=\u00bbmk-jupiter-icon-simple-amazon\u00bb url=\u00bbhttps:\/\/www.amazon.de\/gp\/product\/3947989164\/\u00bb target=\u00bb_blank\u00bb nofollow=\u00bbtrue\u00bb align=\u00bbcenter\u00bb bg_color=\u00bb#efbc3b\u00bb]Bei Amazon kaufen[\/mk_button][\/vc_column][vc_column width=\u00bb1\/2&#8243;][vc_column_text css=\u00bb.vc_custom_1568183594664{margin-bottom: 0px !important;}\u00bb] Un miau Yo tuve mis principios, no quer\u00eda ning\u00fan gato en casa, pero un miau silencioso cambi\u00f3 mi mundo. Sent\u00ed un amor desconocido, sin [&hellip;]<\/p>\n","protected":false},"author":2,"featured_media":0,"parent":147,"menu_order":0,"comment_status":"closed","ping_status":"closed","template":"","meta":[],"_links":{"self":[{"href":"https:\/\/www.poesie-italiane.de\/es\/wp-json\/wp\/v2\/pages\/174\/"}],"collection":[{"href":"https:\/\/www.poesie-italiane.de\/es\/wp-json\/wp\/v2\/pages\/"}],"about":[{"href":"https:\/\/www.poesie-italiane.de\/es\/wp-json\/wp\/v2\/types\/page\/"}],"author":[{"embeddable":true,"href":"https:\/\/www.poesie-italiane.de\/es\/wp-json\/wp\/v2\/users\/2\/"}],"replies":[{"embeddable":true,"href":"https:\/\/www.poesie-italiane.de\/es\/wp-json\/wp\/v2\/comments\/?post=174"}],"version-history":[{"count":8,"href":"https:\/\/www.poesie-italiane.de\/es\/wp-json\/wp\/v2\/pages\/174\/revisions\/"}],"predecessor-version":[{"id":1191,"href":"https:\/\/www.poesie-italiane.de\/es\/wp-json\/wp\/v2\/pages\/174\/revisions\/1191\/"}],"up":[{"embeddable":true,"href":"https:\/\/www.poesie-italiane.de\/es\/wp-json\/wp\/v2\/pages\/147\/"}],"wp:attachment":[{"href":"https:\/\/www.poesie-italiane.de\/es\/wp-json\/wp\/v2\/media\/?parent=174"}],"curies":[{"name":"wp","href":"https:\/\/api.w.org\/{rel}","templated":true}]}}

[vc_row sidebar_id=»sidebar-15&#8243; el_id=»sprachen» title=»»][vc_column][vc_widget_sidebar sidebar_id=»sidebar-15&#8243; el_id=»sprachen»][/vc_column][/vc_row][vc_row css=».vc_custom_1570198007929{padding-top: 30px !important;}»][vc_column width=»1/2&#8243;][vc_single_image image=»1000&#8243; img_size=»252&#215;390&#8243; alignment=»center» style=»vc_box_shadow» onclick=»custom_link» img_link_target=»_blank» link=»https://www.amazon.de/gp/product/3947989164/»][mk_button dimension=»two» size=»medium» icon=»mk-jupiter-icon-simple-amazon» url=»https://www.amazon.de/gp/product/3947989164/» target=»_blank» nofollow=»true» align=»center» bg_color=»#efbc3b»]Bei Amazon kaufen[/mk_button][/vc_column][vc_column width=»1/2&#8243;][vc_column_text css=».vc_custom_1568183594664{margin-bottom: 0px !important;}»]
<h3>Un miau</h3>
<p>Yo tuve mis principios,<br />
no quería<br />
ningún gato en casa,<br />
pero un miau silencioso<br />
cambió mi mundo.<br />
Sentí un amor desconocido,<br />
sin ninguna<br />
resistencia disponible,<br />
mi corazón solo dijo:<br />
‘bienvenido’.<br />
Y recibí el don<br />
más precioso:<br />
sus amistades.</p>
<h3>El ronroneo</h3>
<p>Sara,<br />
me has enseñado<br />
a pensar<br />
con el corazón,<br />
a confiar<br />
en la intuición.<br />
Nunca olvidaré<br />
que siempre,<br />
que pensaba<br />
demasiado en una cosa,<br />
te echabas<br />
sobre uno de mis libros<br />
a ronronear.[/vc_column_text][/vc_column][/vc_row]

<p>[vc_row sidebar_id=»sidebar-15&#8243; el_id=»sprachen» title=»»][vc_column][vc_widget_sidebar sidebar_id=»sidebar-15&#8243; el_id=»sprachen»][/vc_column][/vc_row][vc_row css=».vc_custom_1570198007929{padding-top: 30px !important;}»][vc_column width=»1/2&#8243;][vc_single_image image=»1000&#8243; img_size=»252&#215;390&#8243; alignment=»center» style=»vc_box_shadow» onclick=»custom_link» img_link_target=»_blank» link=»https://www.amazon.de/gp/product/3947989164/»][mk_button dimension=»two» size=»medium» icon=»mk-jupiter-icon-simple-amazon» url=»https://www.amazon.de/gp/product/3947989164/» target=»_blank» nofollow=»true» align=»center» bg_color=»#efbc3b»]Bei Amazon kaufen[/mk_button][/vc_column][vc_column width=»1/2&#8243;][vc_column_text css=».vc_custom_1568183594664{margin-bottom: 0px !important;}»] Un miau Yo tuve mis principios, no quería ningún gato en casa, pero un miau silencioso cambió mi mundo. Sentí un amor desconocido, sin [&hellip;]</p>
