{"id":439,"date":"2019-09-11T12:00:39","date_gmt":"2019-09-11T10:00:39","guid":{"rendered":"https:\/\/www.poesie-italiane.de\/?page_id=439"},"modified":"2022-09-29T08:42:21","modified_gmt":"2022-09-29T06:42:21","slug":"de-la-voz-del-corazon","status":"publish","type":"page","link":"https:\/\/www.poesie-italiane.de\/es\/gedichte\/de-la-voz-del-corazon\/","title":{"rendered":"De la voz del coraz\u00f3n"},"content":{"rendered":"[vc_row sidebar_id=\u00bbsidebar-15&#8243; el_id=\u00bbsprachen\u00bb title=\u00bb\u00bb][vc_column][vc_widget_sidebar sidebar_id=\u00bbsidebar-15&#8243; el_id=\u00bbsprachen\u00bb][\/vc_column][\/vc_row][vc_row css=\u00bb.vc_custom_1570197977395{padding-top: 30px !important;}\u00bb][vc_column width=\u00bb1\/2&#8243;][vc_single_image image=\u00bb1000&#8243; img_size=\u00bb252&#215;390&#8243; alignment=\u00bbcenter\u00bb style=\u00bbvc_box_shadow\u00bb onclick=\u00bbcustom_link\u00bb img_link_target=\u00bb_blank\u00bb link=\u00bbhttps:\/\/www.amazon.de\/gp\/product\/3947989164\/\u00bb][mk_button dimension=\u00bbtwo\u00bb size=\u00bbmedium\u00bb icon=\u00bbmk-jupiter-icon-simple-amazon\u00bb url=\u00bbhttps:\/\/www.amazon.de\/gp\/product\/3947989164\/\u00bb target=\u00bb_blank\u00bb nofollow=\u00bbtrue\u00bb align=\u00bbcenter\u00bb bg_color=\u00bb#efbc3b\u00bb]Bei Amazon kaufen[\/mk_button][\/vc_column][vc_column width=\u00bb1\/2&#8243;][vc_column_text css=\u00bb.vc_custom_1568196034844{margin-bottom: 0px !important;}\u00bb]\n<h3>El coraz\u00f3n<\/h3>\n<p>Me has dicho<br \/>\nque mis poemas<br \/>\ntocan tu coraz\u00f3n.<br \/>\n\u00bfQu\u00e9 m\u00e1s desear\u00eda?<br \/>\nTus sentimientos<br \/>\nme dan el valor<br \/>\npara dar lo m\u00e1ximo<br \/>\nde mi coraz\u00f3n,<br \/>\nno de mi intelecto.<br \/>\n\u00a1Nada en contra del intelecto!<br \/>\n\u00c9l es el examinador estricto,<br \/>\npero el coraz\u00f3n<br \/>\nes en verdad el creador.<\/p>\n<h3>La coincidencia<\/h3>\n<p>Nada<br \/>\nde aquello<br \/>\nque sucede<br \/>\nes sin<br \/>\nsignificado.<br \/>\nEl error<br \/>\nm\u00e1s grande<br \/>\nes la idea<br \/>\nde la coincidencia,<br \/>\nporque todo<br \/>\nest\u00e1 previsto<br \/>\npor nuestra<br \/>\nalma.[\/vc_column_text][\/vc_column][\/vc_row]\n","protected":false},"excerpt":{"rendered":"<p>[vc_row sidebar_id=\u00bbsidebar-15&#8243; el_id=\u00bbsprachen\u00bb title=\u00bb\u00bb][vc_column][vc_widget_sidebar sidebar_id=\u00bbsidebar-15&#8243; el_id=\u00bbsprachen\u00bb][\/vc_column][\/vc_row][vc_row css=\u00bb.vc_custom_1570197977395{padding-top: 30px !important;}\u00bb][vc_column width=\u00bb1\/2&#8243;][vc_single_image image=\u00bb1000&#8243; img_size=\u00bb252&#215;390&#8243; alignment=\u00bbcenter\u00bb style=\u00bbvc_box_shadow\u00bb onclick=\u00bbcustom_link\u00bb img_link_target=\u00bb_blank\u00bb link=\u00bbhttps:\/\/www.amazon.de\/gp\/product\/3947989164\/\u00bb][mk_button dimension=\u00bbtwo\u00bb size=\u00bbmedium\u00bb icon=\u00bbmk-jupiter-icon-simple-amazon\u00bb url=\u00bbhttps:\/\/www.amazon.de\/gp\/product\/3947989164\/\u00bb target=\u00bb_blank\u00bb nofollow=\u00bbtrue\u00bb align=\u00bbcenter\u00bb bg_color=\u00bb#efbc3b\u00bb]Bei Amazon kaufen[\/mk_button][\/vc_column][vc_column width=\u00bb1\/2&#8243;][vc_column_text css=\u00bb.vc_custom_1568196034844{margin-bottom: 0px !important;}\u00bb] El coraz\u00f3n Me has dicho que mis poemas tocan tu coraz\u00f3n. \u00bfQu\u00e9 m\u00e1s desear\u00eda? Tus sentimientos me dan el valor para dar lo m\u00e1ximo [&hellip;]<\/p>\n","protected":false},"author":2,"featured_media":0,"parent":147,"menu_order":0,"comment_status":"closed","ping_status":"closed","template":"","meta":[],"_links":{"self":[{"href":"https:\/\/www.poesie-italiane.de\/es\/wp-json\/wp\/v2\/pages\/439\/"}],"collection":[{"href":"https:\/\/www.poesie-italiane.de\/es\/wp-json\/wp\/v2\/pages\/"}],"about":[{"href":"https:\/\/www.poesie-italiane.de\/es\/wp-json\/wp\/v2\/types\/page\/"}],"author":[{"embeddable":true,"href":"https:\/\/www.poesie-italiane.de\/es\/wp-json\/wp\/v2\/users\/2\/"}],"replies":[{"embeddable":true,"href":"https:\/\/www.poesie-italiane.de\/es\/wp-json\/wp\/v2\/comments\/?post=439"}],"version-history":[{"count":6,"href":"https:\/\/www.poesie-italiane.de\/es\/wp-json\/wp\/v2\/pages\/439\/revisions\/"}],"predecessor-version":[{"id":1190,"href":"https:\/\/www.poesie-italiane.de\/es\/wp-json\/wp\/v2\/pages\/439\/revisions\/1190\/"}],"up":[{"embeddable":true,"href":"https:\/\/www.poesie-italiane.de\/es\/wp-json\/wp\/v2\/pages\/147\/"}],"wp:attachment":[{"href":"https:\/\/www.poesie-italiane.de\/es\/wp-json\/wp\/v2\/media\/?parent=439"}],"curies":[{"name":"wp","href":"https:\/\/api.w.org\/{rel}","templated":true}]}}

De la voz del corazón

[vc_row sidebar_id=»sidebar-15&#8243; el_id=»sprachen» title=»»][vc_column][vc_widget_sidebar sidebar_id=»sidebar-15&#8243; el_id=»sprachen»][/vc_column][/vc_row][vc_row css=».vc_custom_1570197977395{padding-top: 30px !important;}»][vc_column width=»1/2&#8243;][vc_single_image image=»1000&#8243; img_size=»252&#215;390&#8243; alignment=»center» style=»vc_box_shadow» onclick=»custom_link» img_link_target=»_blank» link=»https://www.amazon.de/gp/product/3947989164/»][mk_button dimension=»two» size=»medium» icon=»mk-jupiter-icon-simple-amazon» url=»https://www.amazon.de/gp/product/3947989164/» target=»_blank» nofollow=»true» align=»center» bg_color=»#efbc3b»]Bei Amazon kaufen[/mk_button][/vc_column][vc_column width=»1/2&#8243;][vc_column_text css=».vc_custom_1568196034844{margin-bottom: 0px !important;}»]
<h3>El corazón</h3>
<p>Me has dicho<br />
que mis poemas<br />
tocan tu corazón.<br />
¿Qué más desearía?<br />
Tus sentimientos<br />
me dan el valor<br />
para dar lo máximo<br />
de mi corazón,<br />
no de mi intelecto.<br />
¡Nada en contra del intelecto!<br />
Él es el examinador estricto,<br />
pero el corazón<br />
es en verdad el creador.</p>
<h3>La coincidencia</h3>
<p>Nada<br />
de aquello<br />
que sucede<br />
es sin<br />
significado.<br />
El error<br />
más grande<br />
es la idea<br />
de la coincidencia,<br />
porque todo<br />
está previsto<br />
por nuestra<br />
alma.[/vc_column_text][/vc_column][/vc_row]

<p>[vc_row sidebar_id=»sidebar-15&#8243; el_id=»sprachen» title=»»][vc_column][vc_widget_sidebar sidebar_id=»sidebar-15&#8243; el_id=»sprachen»][/vc_column][/vc_row][vc_row css=».vc_custom_1570197977395{padding-top: 30px !important;}»][vc_column width=»1/2&#8243;][vc_single_image image=»1000&#8243; img_size=»252&#215;390&#8243; alignment=»center» style=»vc_box_shadow» onclick=»custom_link» img_link_target=»_blank» link=»https://www.amazon.de/gp/product/3947989164/»][mk_button dimension=»two» size=»medium» icon=»mk-jupiter-icon-simple-amazon» url=»https://www.amazon.de/gp/product/3947989164/» target=»_blank» nofollow=»true» align=»center» bg_color=»#efbc3b»]Bei Amazon kaufen[/mk_button][/vc_column][vc_column width=»1/2&#8243;][vc_column_text css=».vc_custom_1568196034844{margin-bottom: 0px !important;}»] El corazón Me has dicho que mis poemas tocan tu corazón. ¿Qué más desearía? Tus sentimientos me dan el valor para dar lo máximo [&hellip;]</p>
