{"id":443,"date":"2019-09-11T12:02:36","date_gmt":"2019-09-11T10:02:36","guid":{"rendered":"https:\/\/www.poesie-italiane.de\/?page_id=443"},"modified":"2022-09-29T08:58:19","modified_gmt":"2022-09-29T06:58:19","slug":"da-voz-do-coracao","status":"publish","type":"page","link":"https:\/\/www.poesie-italiane.de\/pt-pt\/gedichte\/da-voz-do-coracao\/","title":{"rendered":"Da voz do cora\u00e7\u00e3o"},"content":{"rendered":"[vc_row sidebar_id=&#8221;sidebar-15&#8243; el_id=&#8221;sprachen&#8221; title=&#8221;&#8221;][vc_column][vc_widget_sidebar sidebar_id=&#8221;sidebar-15&#8243; el_id=&#8221;sprachen&#8221;][\/vc_column][\/vc_row][vc_row css=&#8221;.vc_custom_1570197776363{padding-top: 30px !important;}&#8221;][vc_column width=&#8221;1\/2&#8243;][vc_single_image image=&#8221;1021&#8243; img_size=&#8221;252&#215;390&#8243; alignment=&#8221;center&#8221; style=&#8221;vc_box_shadow&#8221; onclick=&#8221;custom_link&#8221; img_link_target=&#8221;_blank&#8221; link=&#8221;https:\/\/www.amazon.de\/gp\/product\/3947989172\/&#8221;][mk_button dimension=&#8221;two&#8221; size=&#8221;medium&#8221; icon=&#8221;mk-jupiter-icon-simple-amazon&#8221; url=&#8221;https:\/\/www.amazon.de\/gp\/product\/3947989172\/&#8221; target=&#8221;_blank&#8221; nofollow=&#8221;true&#8221; align=&#8221;center&#8221; bg_color=&#8221;#efbc3b&#8221;]Bei Amazon kaufen[\/mk_button][\/vc_column][vc_column width=&#8221;1\/2&#8243;][vc_column_text css=&#8221;.vc_custom_1568196152572{margin-bottom: 0px !important;}&#8221;]\n<h3>O cora\u00e7\u00e3o<\/h3>\n<p>Voc\u00ea disse<br \/>\nque as minhas poesias<br \/>\ntocam o seu cora\u00e7\u00e3o.<br \/>\nQue quero mais?<br \/>\nO que voc\u00ea sente<br \/>\nme d\u00e1 coragem<br \/>\nde dar o melhor<br \/>\ndo cora\u00e7\u00e3o<br \/>\nn\u00e3o do intelecto.<br \/>\nNada contra o intelecto!<br \/>\n\u00c9 o provador s\u00e9rio,<br \/>\nmas o cora\u00e7\u00e3o<br \/>\nna verdade \u00e9 o criador.<\/p>\n<h3>O acaso<\/h3>\n<p>Nada<br \/>\nque<br \/>\nacontece<br \/>\n\u00e9 sem<br \/>\nsignificado.<br \/>\nO maior<br \/>\nerro<br \/>\n\u00e9 a id\u00e9ia<br \/>\ndo acaso,<br \/>\npois tudo<br \/>\n\u00e9 previsto<br \/>\npor nossa<br \/>\nalma.[\/vc_column_text][\/vc_column][\/vc_row]\n","protected":false},"excerpt":{"rendered":"<p>[vc_row sidebar_id=&#8221;sidebar-15&#8243; el_id=&#8221;sprachen&#8221; title=&#8221;&#8221;][vc_column][vc_widget_sidebar sidebar_id=&#8221;sidebar-15&#8243; el_id=&#8221;sprachen&#8221;][\/vc_column][\/vc_row][vc_row css=&#8221;.vc_custom_1570197776363{padding-top: 30px !important;}&#8221;][vc_column width=&#8221;1\/2&#8243;][vc_single_image image=&#8221;1021&#8243; img_size=&#8221;252&#215;390&#8243; alignment=&#8221;center&#8221; style=&#8221;vc_box_shadow&#8221; onclick=&#8221;custom_link&#8221; img_link_target=&#8221;_blank&#8221; link=&#8221;https:\/\/www.amazon.de\/gp\/product\/3947989172\/&#8221;][mk_button dimension=&#8221;two&#8221; size=&#8221;medium&#8221; icon=&#8221;mk-jupiter-icon-simple-amazon&#8221; url=&#8221;https:\/\/www.amazon.de\/gp\/product\/3947989172\/&#8221; target=&#8221;_blank&#8221; nofollow=&#8221;true&#8221; align=&#8221;center&#8221; bg_color=&#8221;#efbc3b&#8221;]Bei Amazon kaufen[\/mk_button][\/vc_column][vc_column width=&#8221;1\/2&#8243;][vc_column_text css=&#8221;.vc_custom_1568196152572{margin-bottom: 0px !important;}&#8221;] O cora\u00e7\u00e3o Voc\u00ea disse que as minhas poesias tocam o seu cora\u00e7\u00e3o. Que quero mais? O que voc\u00ea sente me d\u00e1 coragem de dar [&hellip;]<\/p>\n","protected":false},"author":2,"featured_media":0,"parent":257,"menu_order":0,"comment_status":"closed","ping_status":"closed","template":"","meta":[],"_links":{"self":[{"href":"https:\/\/www.poesie-italiane.de\/pt-pt\/wp-json\/wp\/v2\/pages\/443\/"}],"collection":[{"href":"https:\/\/www.poesie-italiane.de\/pt-pt\/wp-json\/wp\/v2\/pages\/"}],"about":[{"href":"https:\/\/www.poesie-italiane.de\/pt-pt\/wp-json\/wp\/v2\/types\/page\/"}],"author":[{"embeddable":true,"href":"https:\/\/www.poesie-italiane.de\/pt-pt\/wp-json\/wp\/v2\/users\/2\/"}],"replies":[{"embeddable":true,"href":"https:\/\/www.poesie-italiane.de\/pt-pt\/wp-json\/wp\/v2\/comments\/?post=443"}],"version-history":[{"count":5,"href":"https:\/\/www.poesie-italiane.de\/pt-pt\/wp-json\/wp\/v2\/pages\/443\/revisions\/"}],"predecessor-version":[{"id":1215,"href":"https:\/\/www.poesie-italiane.de\/pt-pt\/wp-json\/wp\/v2\/pages\/443\/revisions\/1215\/"}],"up":[{"embeddable":true,"href":"https:\/\/www.poesie-italiane.de\/pt-pt\/wp-json\/wp\/v2\/pages\/257\/"}],"wp:attachment":[{"href":"https:\/\/www.poesie-italiane.de\/pt-pt\/wp-json\/wp\/v2\/media\/?parent=443"}],"curies":[{"name":"wp","href":"https:\/\/api.w.org\/{rel}","templated":true}]}}

Da voz do coração

[vc_row sidebar_id=&#8221;sidebar-15&#8243; el_id=&#8221;sprachen&#8221; title=&#8221;&#8221;][vc_column][vc_widget_sidebar sidebar_id=&#8221;sidebar-15&#8243; el_id=&#8221;sprachen&#8221;][/vc_column][/vc_row][vc_row css=&#8221;.vc_custom_1570197776363{padding-top: 30px !important;}&#8221;][vc_column width=&#8221;1/2&#8243;][vc_single_image image=&#8221;1021&#8243; img_size=&#8221;252&#215;390&#8243; alignment=&#8221;center&#8221; style=&#8221;vc_box_shadow&#8221; onclick=&#8221;custom_link&#8221; img_link_target=&#8221;_blank&#8221; link=&#8221;https://www.amazon.de/gp/product/3947989172/&#8221;][mk_button dimension=&#8221;two&#8221; size=&#8221;medium&#8221; icon=&#8221;mk-jupiter-icon-simple-amazon&#8221; url=&#8221;https://www.amazon.de/gp/product/3947989172/&#8221; target=&#8221;_blank&#8221; nofollow=&#8221;true&#8221; align=&#8221;center&#8221; bg_color=&#8221;#efbc3b&#8221;]Bei Amazon kaufen[/mk_button][/vc_column][vc_column width=&#8221;1/2&#8243;][vc_column_text css=&#8221;.vc_custom_1568196152572{margin-bottom: 0px !important;}&#8221;]
<h3>O coração</h3>
<p>Você disse<br />
que as minhas poesias<br />
tocam o seu coração.<br />
Que quero mais?<br />
O que você sente<br />
me dá coragem<br />
de dar o melhor<br />
do coração<br />
não do intelecto.<br />
Nada contra o intelecto!<br />
É o provador sério,<br />
mas o coração<br />
na verdade é o criador.</p>
<h3>O acaso</h3>
<p>Nada<br />
que<br />
acontece<br />
é sem<br />
significado.<br />
O maior<br />
erro<br />
é a idéia<br />
do acaso,<br />
pois tudo<br />
é previsto<br />
por nossa<br />
alma.[/vc_column_text][/vc_column][/vc_row]

<p>[vc_row sidebar_id=&#8221;sidebar-15&#8243; el_id=&#8221;sprachen&#8221; title=&#8221;&#8221;][vc_column][vc_widget_sidebar sidebar_id=&#8221;sidebar-15&#8243; el_id=&#8221;sprachen&#8221;][/vc_column][/vc_row][vc_row css=&#8221;.vc_custom_1570197776363{padding-top: 30px !important;}&#8221;][vc_column width=&#8221;1/2&#8243;][vc_single_image image=&#8221;1021&#8243; img_size=&#8221;252&#215;390&#8243; alignment=&#8221;center&#8221; style=&#8221;vc_box_shadow&#8221; onclick=&#8221;custom_link&#8221; img_link_target=&#8221;_blank&#8221; link=&#8221;https://www.amazon.de/gp/product/3947989172/&#8221;][mk_button dimension=&#8221;two&#8221; size=&#8221;medium&#8221; icon=&#8221;mk-jupiter-icon-simple-amazon&#8221; url=&#8221;https://www.amazon.de/gp/product/3947989172/&#8221; target=&#8221;_blank&#8221; nofollow=&#8221;true&#8221; align=&#8221;center&#8221; bg_color=&#8221;#efbc3b&#8221;]Bei Amazon kaufen[/mk_button][/vc_column][vc_column width=&#8221;1/2&#8243;][vc_column_text css=&#8221;.vc_custom_1568196152572{margin-bottom: 0px !important;}&#8221;] O coração Você disse que as minhas poesias tocam o seu coração. Que quero mais? O que você sente me dá coragem de dar [&hellip;]</p>
